2062
In base 10, what is -14480 - 4?
-14484
In base 7, what is 1 - 262?
-261
In base 12, what is 100a7 - 4?
100a3
In base 15, what is -2 + -19d?
-1a0
In base 9, what is 4 - 2340?
-2335
In base 4, what is 2 + -13?
-11
In base 12, what is -33 - -131?
ba
In base 10, what is -8 + 1?
-7
In base 15, what is 13ad + 2?
13b0
In base 15, what is a + -c?
-2
In base 7, what is -66 - 2?
-101
In base 15, what is 83 - -5?
88
In base 3, what is 121 - 211010?
-210112
In base 14, what is -1 + 113a?
1139
In base 4, what is -1321 - 3?
-1330
In base 9, what is -8 + 103?
84
In base 11, what is -4 - -55?
51
In base 6, what is 2 + 30?
32
In base 9, what is 7 - 1?
6
In base 16, what is -23d - 5?
-242
In base 11, what is -107 - -4?
-103
In base 7, what is 2 + -351?
-346
In base 12, what is 49 + -1?
48
In base 12, what is 645 - -4?
649
In base 3, what is 10102 + -2?
10100
In base 3, what is -102 - 112?
-221
In base 14, what is -210 - 11?
-221
In base 14, what is 3d5c + 2?
3d60
In base 2, what is -11101101011 - -1100?
-11101011111
In base 6, what is 203 - -10?
213
In base 4, what is 11 + 1021212?
1021223
In base 5, what is -1 + -142?
-143
In base 9, what is -4 + -3774?
-3778
In base 16, what is 3 + 9f8?
9fb
In base 9, what is 0 - 282?
-282
In base 10, what is 366 - 89?
277
In base 14, what is b + 12?
1d
In base 7, what is -1 - 116?
-120
In base 16, what is 0 + -260?
-260
In base 3, what is 2002122222 - 2?
2002122220
In base 8, what is 1257 - -7?
1266
In base 8, what is 10 + -563?
-553
In base 11, what is 51a + 3?
522
In base 3, what is 11221 + -12?
11202
In base 7, what is 233253 + 2?
233255
In base 9, what is 5 - 51?
-45
In base 6, what is -144224 - 1?
-144225
In base 5, what is -1 + -3323?
-3324
In base 12, what is -17 - 1a?
-35
In base 13, what is 4ba + -4?
4b6
In base 5, what is -2 - 102012?
-102014
In base 8, what is 5 + 3527?
3534
In base 16, what is -1ad + -5?
-1b2
In base 4, what is 32 - 22?
10
In base 10, what is 6 + -49?
-43
In base 12, what is -11 + 7?
-6
In base 9, what is 40 - -22?
62
In base 5, what is -1140 - -2?
-1133
In base 8, what is -15545 - 2?
-15547
In base 9, what is -53 + 32?
-21
In base 2, what is 101 + 1111111?
10000100
In base 12, what is -a - -140?
132
In base 4, what is -1 - -313322?
313321
In base 13, what is -8 - -1a6?
19b
In base 10, what is 2 + 338?
340
In base 11, what is -362 - 0?
-362
In base 4, what is 10 + 1032130?
1032200
In base 15, what is -5 - 2?
-7
In base 16, what is -1a + 8?
-12
In base 15, what is 406 - 1?
405
In base 3, what is 2 - 110102220?
-110102211
In base 16, what is 2 - -69e?
6a0
In base 8, what is -5 - 22?
-27
In base 12, what is -521 + 3?
-51a
In base 11, what is -27aa + 3?
-27a7
In base 11, what is 0 + 450?
450
In base 2, what is 100111 - -100100001?
101001000
In base 11, what is -1 - -90?
8a
In base 6, what is -2 - 22424?
-22430
In base 6, what is 0 - 30?
-30
In base 15, what is 2b3 + a?
2bd
In base 7, what is 1 - 4?
-3
In base 5, what is -2 - 11?
-13
In base 7, what is 13 - -302?
315
In base 11, what is 3 + 35?
38
In base 9, what is 0 + -371?
-371
In base 16, what is -26 + -3?
-29
In base 4, what is -1003 - 2?
-1011
In base 8, what is 5065 - 3?
5062
In base 10, what is 14 - -103?
117
In base 3, what is -1111021 - 0?
-1111021
In base 9, what is -5 + -1618?
-1624
In base 15, what is -1 - 8?
-9
In base 11, what is -6 + -1?
-7
In base 7, what is 1 + -544?
-543
In base 5, what is 3043 - 43?
3000
In base 13, what is a + 6?
13
In base 6, what is 0 + -201?
-201
In base 6, what is -20350 - 0?
-20350
In base 13, what is -7 + 11?
7
In base 6, what is 4 + -24054?
-24050
In base 16, what is -1 - 58a?
-58b
In base 16, what is -e + -19?
-27
In base 16, what is -21 - -4c?
2b
In base 3, what is -121 + 201?
10
In base 2, what is 1100101 - 10?
1100011
In base 6, what is 31 - -30?
101
In base 7, what is 5 + -25?
-20
In base 16, what is -49a - -3?
-497
In base 2, what is -1010000 - -100001?
-101111
In base 9, what is 11 - -35?
46
In base 13, what is -148b - -1?
-148a
In base 10, what is 7 - 79?
-72
In base 9, what is 2 - -2833?
2835
In base 5, what is -143 + 132?
-11
In base 16, what is b + 5?
10
In base 4, what is 10 + -12032?
-12022
In base 9, what is -2 - 30?
-32
In base 3, what is -121 + 2012?
1121
In base 16, what is 1 + 97?
98
In base 8, what is 64 + -5?
57
In base 16, what is 11 - -11?
22
In base 15, what is -2 + -52?
-54
In base 14, what is -7d + -4?
-83
In base 13, what is -279 - 3?
-27c
In base 16, what is -4a72 + -3?
-4a75
In base 14, what is 89 + 1?
8a
In base 11, what is -5 + 87?
82
In base 8, what is -74 - 2?
-76
In base 5, what is -11130 - 3?
-11133
In base 15, what is -40 + -10?
-50
In base 9, what is -1034 + 4?
-1030
In base 12, what is -95 + -10?
-a5
In base 3, what is 11011120 + 1?
11011121
In base 16, what is 5 - -30?
35
In base 9, what is -4 + -55?
-60
In base 14, what is 1248 + -5?
1243
In base 8, what is -1 + -3671?
-3672
In base 2, what is 1000011 + 0?
1000011
In base 7, what is 5146 - 5?
5141
In base 4, what is 0 - -1310?
1310
In base 16, what is -10ea - -1?
-10e9
In base 8, what is 4 - 13717?
-13713
In base 14, what is -5d7 + -5?
-5dc
In base 13, what is 16 - -9b?
b4
In base 8, what is 164 - -10?
174
In base 7, what is -302 - -2?
-300
In base 15, what is -8 + a5?
9c
In base 4, what is -101 - 22?
-123
In base 4, what is -13 + -1022?
-1101
In base 12, what is -9 + 59?
50
In base 13, what is 3 - -c6?
c9
In base 4, what is 1131 - -3?
1200
In base 6, what is -1 + 235?
234
In base 2, what is 1010 + 101?
1111
In base 5, what is -22 + 1100?
1023
In base 7, what is 664 - 5?
656
In base 10, what is 45 - -281?
326
In base 7, what is 216 + 32?
251
In base 10, what is 5 - -348?
353
In base 14, what is 2 + -30?
-2c
In base 13, what is 48 + 14?
5c
In base 9, what is -1 + -2114?
-2115
In base 15, what is -1cd - -5?
-1c8
In base 10, what is 22347 + 0?
22347
In base 14, what is 4c - 5?
47
In base 7, what is -44004 - 0?
-44004
In base 10, what is 53 + 3?
56
In base 2, what is -110011 + -1101?
-1000000
In base 13, what is 0 - a?
-a
In base 9, what is -100 + 6?
-83
In base 3, what is -10 + -112?
-122
In base 2, what is 100001100111 + 101?
100001101100
In base 12, what is -6995 - -5?
-6990
In base 13, what is 73 + -40?
33
In base 7, what is -2106 + 3?
-2103
In base 11, what is 480 - 4?
477
In base 4, what is 3 - -33?
102
In base 13, what is 9 + 3?
c
In base 8, what is -6 - -1010?
1002
In base 8, what is -325 + 16?
-307
In base 9, what is -2 + -1?
-3
In base 8, what is 2601 + -3?
2576
In base 12, what is -1 - 215?
-216
In base 6, what is 11 - -123?
134
In base 9, what is -40 + 11?
-28
In base 4, what is 1 + -21330?
-21323
In base 7, what is 1 + 10?
11
In base 5, what is -34 - 20?
-104
In base 7, what is 1 - -665?
666
In base 3, what is 2 - 10210220?
-10210211
In base 6, what is 115 - 3?
112
In base 15, what is 37 - -6?
3d
In base 4, what is -110331 - -21?
-110310
In base 16, what is -e8 - -1?
-e7
In base 14, what is -26 + 20d?
1c7
In base 15, what is 2d - 45?
-17
In base 16, what is 5 + -91?
-8c
In base 5, what is 4 - -100?
104
In base 6, what is -300 + 132?
-124
In base 3, what is -2 + 1221?
1212
In base 12, what is -5 + -20?
-25
In base 4, what is 1211320 + -2?
1211312
In base 2, what is 1110 + 101110?
111100
In base 11, what is 4 + 161?
165
In base 3, what is -1 - 21210?
-21211
In base 2, what is 100011000 + -1?
100010111
In base 2, what is 1 + 111011?
111100
In base 16, what is 6c9 - -3?
6cc
In base 2, what is 1000011 + -1?
1000010
In base 10, what is 560 - 4?
556
In base 5, what is 2122 - 4?
2113
In base 12, what is 4 - 297?
-293
In base 10, what is -5 - 2428?
-2433
In base 3, what is 122 - -202?
1101
In base 10, what is -19 - -167?
148
In base 4, what is -310120 - -2?
-310112
In base 10, what is -99 + 22?
-77
In base 14, what is 70 + 1?
71
In base 9, what is 31 - -2?
33
In base 11, what is 2 + -279?
-277
In base 10, what is 3 + -1032?
-1029
In base 3, what is 102 + -112110?
-112001
In base 4, what is 10 - -10112?
10122
In base 8, what is 413 - 4?
407
In base 15, what is -3cc - -5?
-3c7
In base 12, what is -285 - 3?
-288
In base 8, what is 0 + 3052?
3052
In base 11, what is -10819 + -2?
-10820
In base 15, what is -3e9 + 1?
-3e8
In base 8, what is -2 - 25?
-27
In base 10, what is -4 - -770?
766
In base 3, what is 12 - -10